is 2032 - -113300333120?
113301001212
In base 13, what is -1820323 + 2?
-1820321
In base 10, what is -92635 - 53?
-92688
In base 6, what is -1 + 3144235?
3144234
In base 14, what is 21317918 - 7?
21317911
In base 13, what is -94 + 8363?
829c
In base 10, what is -361 - 7664?
-8025
In base 9, what is 16 - 21772?
-21755
In base 12, what is 3 - 2855630?
-2855629
In base 11, what is 1410a4612 - 2?
1410a4610
In base 16, what is 1 - 11c3c?
-11c3b
In base 14, what is 6 + a8c013?
a8c019
In base 3, what is 10 + -10201020022022?
-10201020022012
In base 2, what is -11101111111100011000 + 1111101100?
-11101111101100101100
In base 15, what is -2e362 - -10a?
-2e257
In base 6, what is -4135 - -3041?
-1054
In base 4, what is 110220222030 + 11?
110220222101
In base 15, what is 107 - b53?
-a4b
In base 15, what is -81b7 - -898?
-781e
In base 15, what is -ac - -88846?
88789
In base 11, what is 779 + -267a9?
-26030
In base 14, what is 1 + 12d8c30?
12d8c31
In base 9, what is 288 + 3051?
3350
In base 10, what is 177914 - -61?
177975
In base 6, what is -32035041255 - 3?
-32035041302
In base 4, what is -3021 - -201303321?
201300300
In base 12, what is 5 - 1725652?
-1725649
In base 11, what is 52a4 - 1123a?
-6a46
In base 6, what is -4 + 504341454?
504341450
In base 7, what is 20 - 4452165?
-4452145
In base 2, what is -110000010010001110011 - 101?
-110000010010001111000
In base 8, what is -474 + 54747?
54253
In base 5, what is -11040 + 2201142?
2140102
In base 16, what is 1761 - -cc7?
2428
In base 14, what is 50a + b43?
124d
In base 2, what is 111101011 - -1001110101111111?
1001111101101010
In base 4, what is -13012 + -1222210320?
-1222223332
In base 7, what is -6 + -211464162?
-211464201
In base 3, what is -120100222101111 - 2?
-120100222101120
In base 12, what is -21 + 7468a2?
746881
In base 7, what is 14 - 23310152?
-23310135
In base 13, what is -9a0 + -1401?
-20a1
In base 12, what is 1420 - 10b?
1311
In base 13, what is -2 + -3084c892?
-3084c894
In base 10, what is 16876 + 4810?
21686
In base 7, what is 64555250 + -155?
64555062
In base 7, what is -1043160 + 200?
-1042660
In base 15, what is 18449d1 - -b?
18449dc
In base 14, what is 57 + 3c9d4?
3ca4b
In base 5, what is -1121043 - -103202?
-1012341
In base 6, what is -543343433 + -1?
-543343434
In base 12, what is -283ba13 - 5?
-283ba18
In base 5, what is -2 + -2220203410?
-2220203412
In base 3, what is -200220021010 + -21?
-200220021101
In base 16, what is -4154c + b4?
-41498
In base 11, what is 911484 + 4?
911488
In base 5, what is 2202043310224 - 1?
2202043310223
In base 14, what is 8c87a + -4a?
8c830
In base 16, what is -6b - -3165?
30fa
In base 16, what is -b49ae8 + 5?
-b49ae3
In base 4, what is 21011012310 + 11?
21011012321
In base 10, what is 32352 - 3718?
28634
In base 5, what is 10121044001 - 10?
10121043441
In base 8, what is 3 - -1024135?
1024140
In base 16, what is -60e - c6c?
-127a
In base 16, what is -4f3 + 7f64?
7a71
In base 9, what is 787064 - 166?
786787
In base 4, what is -200132 + -3131203?
-3332001
In base 8, what is -1126610 - 4136?
-1132746
In base 5, what is 2421232321 + -2?
2421232314
In base 2, what is -1000001110101110011010001 - -100?
-1000001110101110011001101
In base 13, what is -12822 - -11?
-12811
In base 5, what is 10 - 424310040?
-424310030
In base 10, what is 412 + 17160?
17572
In base 15, what is -3bc5a3 + 3?
-3bc5a0
In base 15, what is b5694b6 - -6?
b5694bc
In base 8, what is 22475 + -234061?
-211364
In base 5, what is 1123 - 30232222?
-30231044
In base 4, what is -212223 + 21330020?
21111131
In base 8, what is 3 + -6256704?
-6256701
In base 7, what is -6042226035 - -3?
-6042226032
In base 13, what is 2a19 - 506?
2513
In base 5, what is -2123001 - -1210?
-2121241
In base 14, what is -244 - 4624ac?
-462712
In base 2, what is 1010111001100011001 + -10010001?
1010111001010001000
In base 2, what is 111011100111011010001 - 1001?
111011100111011001000
In base 15, what is -986d - 43d?
-9cab
In base 9, what is -320 + -3236?
-3556
In base 16, what is -1 - -f031f1?
f031f0
In base 4, what is -1211020 + -1123231?
-3000311
In base 15, what is 420669 + -3?
420666
In base 8, what is -32460224 - -53?
-32460151
In base 9, what is 3 - 101373880?
-101373876
In base 16, what is -2db - -6807?
652c
In base 4, what is 1330211 + 1233120?
3223331
In base 14, what is 1327 + 9c?
13c5
In base 9, what is 7871 + -22870?
-13888
In base 11, what is -79a0 + 719?
-7282
In base 15, what is -a3a2d + -1b?
-a3a49
In base 14, what is -48336 + -db?
-48433
In base 2, what is -110010000001111 - -1000000010?
-110001000001101
In base 6, what is 35005503 + 10?
35005513
In base 6, what is -2315212522 + -2?
-2315212524
In base 3, what is -1 - 11112220121202?
-11112220121210
In base 8, what is -25732 + -43622?
-71554
In base 4, what is 11 - 213000300203?
-213000300132
In base 8, what is -653422426 + 7?
-653422417
In base 12, what is 2 + -742831?
-74282b
In base 14, what is -3 + -686b8d4?
-686b8d7
In base 4, what is -11201131013 + 121?
-11201130232
In base 8, what is -73737 - 120?
-74057
In base 9, what is 582 + 1351101?
1351683
In base 4, what is 22231001 + 3113?
22300120
In base 3, what is 2 - -220002002221220?
220002002221222
In base 6, what is -211414 + 2303554?
2052140
In base 11, what is -1243 + -1684?
-2917
In base 10, what is 372878390 + 3?
372878393
In base 2, what is 10100011111101110101000 + -1001000?
10100011111101101100000
In base 3, what is 11222002210022 + 10101?
11222002220200
In base 5, what is 220 + -1023342212?
-1023341442
In base 3, what is -20 - -2011021012212?
2011021012122
In base 3, what is 1112201 - -1120000?
10002201
In base 15, what is -505 - 4e25a?
-4e760
In base 6, what is -15434 + 255201?
235323
In base 8, what is 4 - -603515105?
603515111
In base 2, what is 10011 - -110001100011101011?
110001100011111110
In base 5, what is 22 - -41203411?
41203433
In base 8, what is -4 - -2776056?
2776052
In base 6, what is 1511511350 + 44?
1511511434
In base 11, what is -6666 - 658?
-7213
In base 8, what is 0 + -2461277?
-2461277
In base 6, what is 0 + -3554045233?
-3554045233
In base 7, what is -1056315403 - -4?
-1056315366
In base 13, what is -107161ac + 2?
-107161aa
In base 8, what is 0 - -50612025?
50612025
In base 2, what is 101110 - 10100001001010100000?
-10100001001001110010
In base 13, what is -11437a4 + -3?
-11437a7
In base 11, what is 946 + 23793?
24629
In base 3, what is 1220222201 + -1121?
1220221010
In base 9, what is 4 - 255061365?
-255061361
In base 14, what is 3442c78 + 2?
3442c7a
In base 9, what is -1417 - 344533?
-346051
In base 8, what is -13 - 10537036?
-10537051
In base 12, what is 1179b75 - 2?
1179b73
In base 5, what is 43243411340 + -3?
43243411332
In base 7, what is -15 + -62000235?
-62000253
In base 6, what is 0 + 10411342?
10411342
In base 4, what is -223213021 - -131?
-223212230
In base 12, what is 1a + 8a593?
8a5b1
In base 5, what is 100113001 - -1422?
100114423
In base 10, what is 3643152 - -12?
3643164
In base 4, what is -322012033322 + -11?
-322012033333
In base 16, what is 1f33c + -b1?
1f28b
In base 2, what is 1000 - -10000101001111000000011010?
10000101001111000000100010
In base 9, what is -81074 - -4024?
-76050
In base 4, what is 20300 + 3311320?
3332220
In base 10, what is 239687 - -749?
240436
In base 3, what is 2010 + 2220221020022?
2220221022102
In base 5, what is 1010413 + -2344?
1003014
In base 6, what is -541341 - -2432?
-534505
In base 5, what is 2114010412 + -44?
2114010313
In base 6, what is -40003 + 11115?
-24444
In base 10, what is -144453 - 954?
-145407
In base 13, what is -61b290 + 2?
-61b28b
In base 3, what is 11110202002000 - 111?
11110202001112
In base 8, what is -44 - -37347117?
37347053
In base 15, what is 637 - 22a6?
-1b6e
In base 3, what is 1012221 - 21102?
221112
In base 6, what is 42302344451 - -4?
42302344455
In base 13, what is 788 - 28764?
-27ca9
In base 15, what is 2 + -1548349?
-1548347
In base 5, what is -2012002 + -230?
-2012232
In base 8, what is -13563265 - 30?
-13563315
In base 10, what is -1235 + 2834?
1599
In base 2, what is -110111110010111000001 + 1000?
-110111110010110111001
In base 12, what is -270 + 25542?
25292
In base 3, what is -201002201011112112 - 0?
-201002201011112112
In base 5, what is -20 + -241233022?
-241233042
In base 7, what 